{"id":3993,"date":"2026-03-16T10:53:08","date_gmt":"2026-03-16T10:53:08","guid":{"rendered":"https:\/\/heilbronner-kindersommer.de\/?post_type=project&#038;p=3993"},"modified":"2026-03-16T10:53:25","modified_gmt":"2026-03-16T10:53:25","slug":"kinderferienbox-pfingstferien-2","status":"publish","type":"project","link":"https:\/\/heilbronner-kindersommer.de\/index.php\/project\/kinderferienbox-pfingstferien-2\/","title":{"rendered":"KinderFerienBox Pfingstferien"},"content":{"rendered":"<p>[et_pb_section fb_built=&#8220;1&#8243; _builder_version=&#8220;4.16&#8243; background_image=&#8220;https:\/\/heilbronner-kindersommer.de\/wp-content\/uploads\/2020\/06\/lametta.png&#8220; global_colors_info=&#8220;{}&#8220; theme_builder_area=&#8220;post_content&#8220;][et_pb_row _builder_version=&#8220;4.16&#8243; global_colors_info=&#8220;{}&#8220; theme_builder_area=&#8220;post_content&#8220;][et_pb_column type=&#8220;4_4&#8243; _builder_version=&#8220;4.16&#8243; global_colors_info=&#8220;{}&#8220; theme_builder_area=&#8220;post_content&#8220;][et_pb_image src=&#8220;https:\/\/heilbronner-kindersommer.de\/wp-content\/uploads\/2020\/06\/Element-1.png&#8220; alt=&#8220;Heilbronner Kindersommer&#8220; title_text=&#8220;Heilbronner Kindersommer&#8220; align=&#8220;center&#8220; _builder_version=&#8220;4.16&#8243; global_colors_info=&#8220;{}&#8220; theme_builder_area=&#8220;post_content&#8220;][\/et_pb_image][\/et_pb_column][\/et_pb_row][\/et_pb_section][et_pb_section fb_built=&#8220;1&#8243; prev_background_color=&#8220;#ffffff&#8220; _builder_version=&#8220;4.16&#8243; background_color=&#8220;#00e481&#8243; min_height=&#8220;175px&#8220; custom_margin=&#8220;0px||||false|false&#8220; custom_padding=&#8220;122px||14px||false|false&#8220; top_divider_style=&#8220;graph2&#8243; top_divider_repeat=&#8220;0x&#8220; bottom_divider_flip=&#8220;horizontal|vertical&#8220; global_colors_info=&#8220;{}&#8220; theme_builder_area=&#8220;post_content&#8220;][et_pb_row _builder_version=&#8220;4.16&#8243; global_colors_info=&#8220;{}&#8220; theme_builder_area=&#8220;post_content&#8220;][et_pb_column type=&#8220;4_4&#8243; _builder_version=&#8220;4.16&#8243; global_colors_info=&#8220;{}&#8220; theme_builder_area=&#8220;post_content&#8220;][et_pb_text _builder_version=&#8220;4.27.6&#8243; text_font=&#8220;Poppins|600|||||||&#8220; text_text_color=&#8220;#ffffff&#8220; text_font_size=&#8220;73px&#8220; header_font=&#8220;Poppins|600|||||||&#8220; header_text_color=&#8220;#ffffff&#8220; header_font_size=&#8220;72px&#8220; hover_enabled=&#8220;0&#8243; header_font_size_tablet=&#8220;60px&#8220; header_font_size_phone=&#8220;40px&#8220; header_font_size_last_edited=&#8220;on|desktop&#8220; global_colors_info=&#8220;{}&#8220; theme_builder_area=&#8220;post_content&#8220; sticky_enabled=&#8220;0&#8243;]<\/p>\n<h1 style=\"text-align: center;\">KinderFerienBox Pfingstferien<\/h1>\n<p>[\/et_pb_text][\/et_pb_column][\/et_pb_row][\/et_pb_section][et_pb_section fb_built=&#8220;1&#8243; prev_background_color=&#8220;#00e481&#8243; _builder_version=&#8220;4.16&#8243; top_divider_style=&#8220;mountains2&#8243; global_colors_info=&#8220;{}&#8220; theme_builder_area=&#8220;post_content&#8220;][et_pb_row column_structure=&#8220;2_5,3_5&#8243; _builder_version=&#8220;4.16&#8243; background_color=&#8220;rgba(0,0,0,0)&#8220; custom_margin=&#8220;|auto|-102px|auto||&#8220; custom_padding=&#8220;99px||99px||false|&#8220; global_colors_info=&#8220;{}&#8220; theme_builder_area=&#8220;post_content&#8220;][et_pb_column type=&#8220;2_5&#8243; _builder_version=&#8220;4.16&#8243; background_color=&#8220;rgba(0,0,0,0)&#8220; custom_padding=&#8220;40px|40px|40px|40px|true|true&#8220; global_colors_info=&#8220;{}&#8220; theme_builder_area=&#8220;post_content&#8220;][et_pb_image src=&#8220;https:\/\/heilbronner-kindersommer.de\/wp-content\/uploads\/2022\/02\/Haus-der-Familie-gGmbH.png&#8220; title_text=&#8220;Haus der Familie gGmbH&#8220; _builder_version=&#8220;4.27.4&#8243; global_colors_info=&#8220;{}&#8220; theme_builder_area=&#8220;post_content&#8220;][\/et_pb_image][\/et_pb_column][et_pb_column type=&#8220;3_5&#8243; _builder_version=&#8220;4.16&#8243; global_colors_info=&#8220;{}&#8220; theme_builder_area=&#8220;post_content&#8220;][et_pb_text _builder_version=&#8220;4.27.6&#8243; text_font=&#8220;Raleway|300|||||||&#8220; header_2_font=&#8220;Poppins|600|||||||&#8220; hover_enabled=&#8220;0&#8243; global_colors_info=&#8220;{}&#8220; theme_builder_area=&#8220;post_content&#8220; sticky_enabled=&#8220;0&#8243;]<\/p>\n<p>&nbsp;<\/p>\n<h1><span style=\"font-size: x-large;\"><strong>KinderFerienBox Pfingstferien<\/strong><\/span><\/h1>\n<p><strong><span style=\"font-size: 16px;\"><span><\/span><\/span><\/strong><\/p>\n<p><strong><span style=\"font-size: large;\">Zeitraum<\/span><span style=\"font-size: 16px;\">: <\/span><\/strong><\/p>\n<p><span>1.6.2026 bis 5.6.2026, an Vormittagen und\/oder Nachmittagen, jeweils 2 bis 3 Stunden<\/span><\/p>\n<p><span style=\"font-size: 16px;\">F\u00fcr Kinder und Jugendliche von 6-10 Jahren aus Stadt- und Landkreis Heilbronn.<\/span><\/p>\n<p><span><strong><\/strong><\/span><\/p>\n<p><span><strong>Beschreibung:<\/strong><\/span><\/p>\n<p><span>Die KinderFerienBox ist ein einw\u00f6chiges Angebot , das als Modul-Baukastensystem funktioniert: Jedes Kind kann sich aus dem Kursangebot ein individuelles Ferienprogramm zusammenstellen \u2013 jeweils f\u00fcr vor- und\/oder nachmittags mit einer Dauer von zwei bis drei Stunden. W\u00e4hrend dieser Zeit k\u00f6nnen Jungen und M\u00e4dchen spielerisch ihre Kenntnisse in alters- und entwicklungsgerechten Bildungsbereichen erwerben und vertiefen. Zu den Aktivit\u00e4ten z\u00e4hlen attraktive Angebote aus der Erlebnisp\u00e4dagogik, Abenteuer in der Natur, Museumsbesuche oder kreatives Gestalten.<\/span><\/p>\n<p><span>Modulares Baukastensystem f\u00fcr die Ferien, selbstgebaute flexible Ferienangebote innerhalb einer Woche<\/span><\/p>\n<p><span><strong>Ort:<\/strong> <\/span><\/p>\n<p><span>Je nach Kurs gibt es unterschiedliche Orte, z.B. Haus der Familie, Gaffenberg, Feuerwehr, Museum, Imker<\/span><\/p>\n<p>&nbsp;<\/p>\n<p><strong>Kosten:<\/strong><\/p>\n<p><span>Variieren je nach Kurs und Kursdauer, zwischen 15 \u20ac und 50 \u20ac (an zwei Tagen)<\/span><\/p>\n<p>&nbsp;<\/p>\n<p><strong>Anmeldung:<\/strong><\/p>\n<p><span>Haus der Familie gGmbH<\/span><\/p>\n<p><span>Erich-Mendelsohn-Stra\u00dfe 1C<\/span><\/p>\n<p><span>76076 Heilbronn<\/span><\/p>\n<p><span>Kerstin Augustin<\/span><\/p>\n<p><span><a href=\"mailto:augustin@hdf-hn.de\">augustin@hdf-hn.de<\/a><\/span><\/p>\n<p><span>07131 27692-52<\/span><\/p>\n<p>&nbsp;<\/p>\n<p>&nbsp;<\/p>\n<p>[\/et_pb_text][et_pb_button button_url=&#8220;https:\/\/hdf-hn.de\/ferienbetreuung\/kinderferienbox\/&#8220; url_new_window=&#8220;on&#8220; button_text=&#8220;Infos &#038; Anmeldung&#8220; _builder_version=&#8220;4.27.6&#8243; _module_preset=&#8220;default&#8220; hover_enabled=&#8220;0&#8243; global_colors_info=&#8220;{}&#8220; theme_builder_area=&#8220;post_content&#8220; sticky_enabled=&#8220;0&#8243;][\/et_pb_button][\/et_pb_column][\/et_pb_row][\/et_pb_section][et_pb_section fb_built=&#8220;1&#8243; _builder_version=&#8220;4.16&#8243; background_color=&#8220;#00e481&#8243; vertical_offset=&#8220;0px&#8220; z_index=&#8220;0&#8243; custom_margin=&#8220;||||false|false&#8220; custom_padding=&#8220;10%||0px||false|false&#8220; top_divider_style=&#8220;mountains2&#8243; top_divider_color=&#8220;#ffffff&#8220; top_divider_height=&#8220;30%&#8220; top_divider_repeat=&#8220;0x&#8220; global_colors_info=&#8220;{}&#8220; theme_builder_area=&#8220;post_content&#8220;][\/et_pb_section]<\/p>\n","protected":false},"excerpt":{"rendered":"<p>KinderFerienBox Pfingstferien&nbsp; KinderFerienBox Pfingstferien Zeitraum: 1.6.2026 bis 5.6.2026, an Vormittagen und\/oder Nachmittagen, jeweils 2 bis 3 Stunden F\u00fcr Kinder und Jugendliche von 6-10 Jahren aus Stadt- und Landkreis Heilbronn. Beschreibung: Die KinderFerienBox ist ein einw\u00f6chiges Angebot , das als Modul-Baukastensystem funktioniert: Jedes Kind kann sich aus dem Kursangebot ein individuelles Ferienprogramm zusammenstellen \u2013 jeweils f\u00fcr [&hellip;]<\/p>\n","protected":false},"author":6,"featured_media":1333,"comment_status":"open","ping_status":"closed","template":"","meta":{"_et_pb_use_builder":"on","_et_pb_old_content":"","_et_gb_content_width":"","footnotes":""},"project_category":[63,55,36,50,59,58],"project_tag":[23,25],"class_list":["post-3993","project","type-project","status-publish","has-post-thumbnail","hentry","project_category-63","project_category-anbieter-und-traeger","project_category-ohne-uebernachtung","project_category-pfingstferien","project_category-schwerpunkt-kreativitaet","project_category-schwerpunkt-nature","project_tag-deutschland","project_tag-ohne-uebernachtung"],"_links":{"self":[{"href":"https:\/\/heilbronner-kindersommer.de\/index.php\/wp-json\/wp\/v2\/project\/3993","targetHints":{"allow":["GET"]}}],"collection":[{"href":"https:\/\/heilbronner-kindersommer.de\/index.php\/wp-json\/wp\/v2\/project"}],"about":[{"href":"https:\/\/heilbronner-kindersommer.de\/index.php\/wp-json\/wp\/v2\/types\/project"}],"author":[{"embeddable":true,"href":"https:\/\/heilbronner-kindersommer.de\/index.php\/wp-json\/wp\/v2\/users\/6"}],"replies":[{"embeddable":true,"href":"https:\/\/heilbronner-kindersommer.de\/index.php\/wp-json\/wp\/v2\/comments?post=3993"}],"version-history":[{"count":2,"href":"https:\/\/heilbronner-kindersommer.de\/index.php\/wp-json\/wp\/v2\/project\/3993\/revisions"}],"predecessor-version":[{"id":3996,"href":"https:\/\/heilbronner-kindersommer.de\/index.php\/wp-json\/wp\/v2\/project\/3993\/revisions\/3996"}],"wp:featuredmedia":[{"embeddable":true,"href":"https:\/\/heilbronner-kindersommer.de\/index.php\/wp-json\/wp\/v2\/media\/1333"}],"wp:attachment":[{"href":"https:\/\/heilbronner-kindersommer.de\/index.php\/wp-json\/wp\/v2\/media?parent=3993"}],"wp:term":[{"taxonomy":"project_category","embeddable":true,"href":"https:\/\/heilbronner-kindersommer.de\/index.php\/wp-json\/wp\/v2\/project_category?post=3993"},{"taxonomy":"project_tag","embeddable":true,"href":"https:\/\/heilbronner-kindersommer.de\/index.php\/wp-json\/wp\/v2\/project_tag?post=3993"}],"curies":[{"name":"wp","href":"https:\/\/api.w.org\/{rel}","templated":true}]}}

<p>[et_pb_section fb_built=&#8220;1&#8243; _builder_version=&#8220;4.16&#8243; background_image=&#8220;https://heilbronner-kindersommer.de/wp-content/uploads/2020/06/lametta.png&#8220; global_colors_info=&#8220;{}&#8220; theme_builder_area=&#8220;post_content&#8220;][et_pb_row _builder_version=&#8220;4.16&#8243; global_colors_info=&#8220;{}&#8220; theme_builder_area=&#8220;post_content&#8220;][et_pb_column type=&#8220;4_4&#8243; _builder_version=&#8220;4.16&#8243; global_colors_info=&#8220;{}&#8220; theme_builder_area=&#8220;post_content&#8220;][et_pb_image src=&#8220;https://heilbronner-kindersommer.de/wp-content/uploads/2020/06/Element-1.png&#8220; alt=&#8220;Heilbronner Kindersommer&#8220; title_text=&#8220;Heilbronner Kindersommer&#8220; align=&#8220;center&#8220; _builder_version=&#8220;4.16&#8243; global_colors_info=&#8220;{}&#8220; theme_builder_area=&#8220;post_content&#8220;][/et_pb_image][/et_pb_column][/et_pb_row][/et_pb_section][et_pb_section fb_built=&#8220;1&#8243; prev_background_color=&#8220;#ffffff&#8220; _builder_version=&#8220;4.16&#8243; background_color=&#8220;#00e481&#8243; min_height=&#8220;175px&#8220; custom_margin=&#8220;0px||||false|false&#8220; custom_padding=&#8220;122px||14px||false|false&#8220; top_divider_style=&#8220;graph2&#8243; top_divider_repeat=&#8220;0x&#8220; bottom_divider_flip=&#8220;horizontal|vertical&#8220; global_colors_info=&#8220;{}&#8220; theme_builder_area=&#8220;post_content&#8220;][et_pb_row _builder_version=&#8220;4.16&#8243; global_colors_info=&#8220;{}&#8220; theme_builder_area=&#8220;post_content&#8220;][et_pb_column type=&#8220;4_4&#8243; _builder_version=&#8220;4.16&#8243; global_colors_info=&#8220;{}&#8220; theme_builder_area=&#8220;post_content&#8220;][et_pb_text _builder_version=&#8220;4.27.6&#8243; text_font=&#8220;Poppins|600|||||||&#8220; text_text_color=&#8220;#ffffff&#8220; text_font_size=&#8220;73px&#8220; header_font=&#8220;Poppins|600|||||||&#8220; header_text_color=&#8220;#ffffff&#8220; header_font_size=&#8220;72px&#8220; hover_enabled=&#8220;0&#8243; header_font_size_tablet=&#8220;60px&#8220; header_font_size_phone=&#8220;40px&#8220; header_font_size_last_edited=&#8220;on|desktop&#8220; global_colors_info=&#8220;{}&#8220; theme_builder_area=&#8220;post_content&#8220; sticky_enabled=&#8220;0&#8243;]</p>
<h1 style="text-align: center;">KinderFerienBox Pfingstferien</h1>
<p>[/et_pb_text][/et_pb_column][/et_pb_row][/et_pb_section][et_pb_section fb_built=&#8220;1&#8243; prev_background_color=&#8220;#00e481&#8243; _builder_version=&#8220;4.16&#8243; top_divider_style=&#8220;mountains2&#8243; global_colors_info=&#8220;{}&#8220; theme_builder_area=&#8220;post_content&#8220;][et_pb_row column_structure=&#8220;2_5,3_5&#8243; _builder_version=&#8220;4.16&#8243; background_color=&#8220;rgba(0,0,0,0)&#8220; custom_margin=&#8220;|auto|-102px|auto||&#8220; custom_padding=&#8220;99px||99px||false|&#8220; global_colors_info=&#8220;{}&#8220; theme_builder_area=&#8220;post_content&#8220;][et_pb_column type=&#8220;2_5&#8243; _builder_version=&#8220;4.16&#8243; background_color=&#8220;rgba(0,0,0,0)&#8220; custom_padding=&#8220;40px|40px|40px|40px|true|true&#8220; global_colors_info=&#8220;{}&#8220; theme_builder_area=&#8220;post_content&#8220;][et_pb_image src=&#8220;https://heilbronner-kindersommer.de/wp-content/uploads/2022/02/Haus-der-Familie-gGmbH.png&#8220; title_text=&#8220;Haus der Familie gGmbH&#8220; _builder_version=&#8220;4.27.4&#8243; global_colors_info=&#8220;{}&#8220; theme_builder_area=&#8220;post_content&#8220;][/et_pb_image][/et_pb_column][et_pb_column type=&#8220;3_5&#8243; _builder_version=&#8220;4.16&#8243; global_colors_info=&#8220;{}&#8220; theme_builder_area=&#8220;post_content&#8220;][et_pb_text _builder_version=&#8220;4.27.6&#8243; text_font=&#8220;Raleway|300|||||||&#8220; header_2_font=&#8220;Poppins|600|||||||&#8220; hover_enabled=&#8220;0&#8243; global_colors_info=&#8220;{}&#8220; theme_builder_area=&#8220;post_content&#8220; sticky_enabled=&#8220;0&#8243;]</p>
<p>&nbsp;</p>
<h1><span style="font-size: x-large;"><strong>KinderFerienBox Pfingstferien</strong></span></h1>
<p><strong><span style="font-size: 16px;"><span></span></span></strong></p>
<p><strong><span style="font-size: large;">Zeitraum</span><span style="font-size: 16px;">: </span></strong></p>
<p><span>1.6.2026 bis 5.6.2026, an Vormittagen und/oder Nachmittagen, jeweils 2 bis 3 Stunden</span></p>
<p><span style="font-size: 16px;">Für Kinder und Jugendliche von 6-10 Jahren aus Stadt- und Landkreis Heilbronn.</span></p>
<p><span><strong></strong></span></p>
<p><span><strong>Beschreibung:</strong></span></p>
<p><span>Die KinderFerienBox ist ein einwöchiges Angebot , das als Modul-Baukastensystem funktioniert: Jedes Kind kann sich aus dem Kursangebot ein individuelles Ferienprogramm zusammenstellen – jeweils für vor- und/oder nachmittags mit einer Dauer von zwei bis drei Stunden. Während dieser Zeit können Jungen und Mädchen spielerisch ihre Kenntnisse in alters- und entwicklungsgerechten Bildungsbereichen erwerben und vertiefen. Zu den Aktivitäten zählen attraktive Angebote aus der Erlebnispädagogik, Abenteuer in der Natur, Museumsbesuche oder kreatives Gestalten.</span></p>
<p><span>Modulares Baukastensystem für die Ferien, selbstgebaute flexible Ferienangebote innerhalb einer Woche</span></p>
<p><span><strong>Ort:</strong> </span></p>
<p><span>Je nach Kurs gibt es unterschiedliche Orte, z.B. Haus der Familie, Gaffenberg, Feuerwehr, Museum, Imker</span></p>
<p>&nbsp;</p>
<p><strong>Kosten:</strong></p>
<p><span>Variieren je nach Kurs und Kursdauer, zwischen 15 € und 50 € (an zwei Tagen)</span></p>
<p>&nbsp;</p>
<p><strong>Anmeldung:</strong></p>
<p><span>Haus der Familie gGmbH</span></p>
<p><span>Erich-Mendelsohn-Straße 1C</span></p>
<p><span>76076 Heilbronn</span></p>
<p><span>Kerstin Augustin</span></p>
<p><span><a href="mailto:augustin@hdf-hn.de">augustin@hdf-hn.de</a></span></p>
<p><span>07131 27692-52</span></p>
<p>&nbsp;</p>
<p>&nbsp;</p>
<p>[/et_pb_text][et_pb_button button_url=&#8220;https://hdf-hn.de/ferienbetreuung/kinderferienbox/&#8220; url_new_window=&#8220;on&#8220; button_text=&#8220;Infos &#038; Anmeldung&#8220; _builder_version=&#8220;4.27.6&#8243; _module_preset=&#8220;default&#8220; hover_enabled=&#8220;0&#8243; global_colors_info=&#8220;{}&#8220; theme_builder_area=&#8220;post_content&#8220; sticky_enabled=&#8220;0&#8243;][/et_pb_button][/et_pb_column][/et_pb_row][/et_pb_section][et_pb_section fb_built=&#8220;1&#8243; _builder_version=&#8220;4.16&#8243; background_color=&#8220;#00e481&#8243; vertical_offset=&#8220;0px&#8220; z_index=&#8220;0&#8243; custom_margin=&#8220;||||false|false&#8220; custom_padding=&#8220;10%||0px||false|false&#8220; top_divider_style=&#8220;mountains2&#8243; top_divider_color=&#8220;#ffffff&#8220; top_divider_height=&#8220;30%&#8220; top_divider_repeat=&#8220;0x&#8220; global_colors_info=&#8220;{}&#8220; theme_builder_area=&#8220;post_content&#8220;][/et_pb_section]</p>

<p>KinderFerienBox Pfingstferien&nbsp; KinderFerienBox Pfingstferien Zeitraum: 1.6.2026 bis 5.6.2026, an Vormittagen und/oder Nachmittagen, jeweils 2 bis 3 Stunden Für Kinder und Jugendliche von 6-10 Jahren aus Stadt- und Landkreis Heilbronn. Beschreibung: Die KinderFerienBox ist ein einwöchiges Angebot , das als Modul-Baukastensystem funktioniert: Jedes Kind kann sich aus dem Kursangebot ein individuelles Ferienprogramm zusammenstellen – jeweils für [&hellip;]</p>
