{"id":259,"date":"2020-06-15T13:21:59","date_gmt":"2020-06-15T13:21:59","guid":{"rendered":"https:\/\/heilbronner-kindersommer.de\/?page_id=259"},"modified":"2026-03-03T11:41:51","modified_gmt":"2026-03-03T11:41:51","slug":"programm","status":"publish","type":"page","link":"https:\/\/heilbronner-kindersommer.de\/index.php\/programm\/","title":{"rendered":"Programm anbieten &#038; Werbung"},"content":{"rendered":"<p>[et_pb_section fb_built=&#8220;1&#8243; _builder_version=&#8220;4.16&#8243; background_image=&#8220;https:\/\/heilbronner-kindersommer.de\/wp-content\/uploads\/2020\/06\/lametta.png&#8220; global_colors_info=&#8220;{}&#8220;][et_pb_row _builder_version=&#8220;4.16&#8243; global_colors_info=&#8220;{}&#8220;][et_pb_column type=&#8220;4_4&#8243; _builder_version=&#8220;4.16&#8243; global_colors_info=&#8220;{}&#8220;][et_pb_image src=&#8220;https:\/\/heilbronner-kindersommer.de\/wp-content\/uploads\/2020\/06\/Element-1.png&#8220; alt=&#8220;Heilbronner Kindersommer&#8220; title_text=&#8220;Heilbronner Kindersommer&#8220; align=&#8220;center&#8220; _builder_version=&#8220;4.16&#8243; global_colors_info=&#8220;{}&#8220;][\/et_pb_image][\/et_pb_column][\/et_pb_row][\/et_pb_section][et_pb_section fb_built=&#8220;1&#8243; prev_background_color=&#8220;#ffffff&#8220; _builder_version=&#8220;4.16&#8243; background_color=&#8220;#00e481&#8243; min_height=&#8220;175px&#8220; custom_margin=&#8220;0px||||false|false&#8220; custom_padding=&#8220;122px||14px||false|false&#8220; top_divider_style=&#8220;graph2&#8243; top_divider_repeat=&#8220;0x&#8220; bottom_divider_flip=&#8220;horizontal|vertical&#8220; global_colors_info=&#8220;{}&#8220;][et_pb_row _builder_version=&#8220;4.16&#8243; global_colors_info=&#8220;{}&#8220;][et_pb_column type=&#8220;4_4&#8243; _builder_version=&#8220;4.16&#8243; global_colors_info=&#8220;{}&#8220;][et_pb_text _builder_version=&#8220;4.16&#8243; text_font=&#8220;Poppins|600|||||||&#8220; text_text_color=&#8220;#ffffff&#8220; text_font_size=&#8220;73px&#8220; header_font=&#8220;Poppins|600|||||||&#8220; header_text_color=&#8220;#ffffff&#8220; header_font_size=&#8220;72px&#8220; header_font_size_tablet=&#8220;60px&#8220; header_font_size_phone=&#8220;40px&#8220; header_font_size_last_edited=&#8220;on|desktop&#8220; global_colors_info=&#8220;{}&#8220;]<\/p>\n<h1 style=\"text-align: center;\">Programm anbieten<\/h1>\n<p>[\/et_pb_text][\/et_pb_column][\/et_pb_row][\/et_pb_section][et_pb_section fb_built=&#8220;1&#8243; prev_background_color=&#8220;#00e481&#8243; _builder_version=&#8220;4.16&#8243; top_divider_style=&#8220;mountains2&#8243; global_colors_info=&#8220;{}&#8220;][et_pb_row column_structure=&#8220;1_2,1_2&#8243; _builder_version=&#8220;4.16&#8243; global_colors_info=&#8220;{}&#8220;][et_pb_column type=&#8220;1_2&#8243; _builder_version=&#8220;4.16&#8243; global_colors_info=&#8220;{}&#8220;][et_pb_image src=&#8220;https:\/\/heilbronner-kindersommer.de\/wp-content\/uploads\/2020\/06\/standort.png&#8220; title_text=&#8220;standort&#8220; _builder_version=&#8220;4.27.5&#8243; transform_scale_linked=&#8220;off&#8220; hover_enabled=&#8220;0&#8243; global_colors_info=&#8220;{}&#8220; sticky_enabled=&#8220;0&#8243;][\/et_pb_image][\/et_pb_column][et_pb_column type=&#8220;1_2&#8243; _builder_version=&#8220;4.16&#8243; global_colors_info=&#8220;{}&#8220;][et_pb_text _builder_version=&#8220;4.27.5&#8243; text_font=&#8220;Raleway|300|||||||&#8220; hover_enabled=&#8220;0&#8243; global_colors_info=&#8220;{}&#8220; sticky_enabled=&#8220;0&#8243;]<\/p>\n<p>Herzlich willkommen sind alle<\/p>\n<ul>\n<li>nicht-kommerziellen Anbieter<\/li>\n<li>von Freizeiten, Stadtranderholungen oder Ferienangeboten,<\/li>\n<li>mit Sitz in der Stadt Heilbronn oder im Landkreis Heilbronn oder einem Angebot, dass Kindern aus diesem Gebiet offen steht,<\/li>\n<\/ul>\n<p>die gerne noch ein Angebot auf der Seite einbringen m\u00f6chten. Gerne nehmen wir auch kommunale Ferienprogramme auf.<\/p>\n<p>&nbsp;<\/p>\n<p>Anmeldung f\u00fcr Anbieter von Freizeiten, Stadtranderholungen und Ferienangeboten f\u00fcr Vereine, Einrichtungen und Institutionen unter:<\/p>\n<p><strong><a href=\"https:\/\/de.surveymonkey.com\/r\/DKTJPVF\" target=\"_blank\" rel=\"noopener\">https:\/\/de.surveymonkey.com\/r\/DKTJPVF<\/a><\/strong><\/p>\n<p>Anmeldung von kommunalen Ferienprogrammen unter:<\/p>\n<p><a href=\"https:\/\/de.surveymonkey.com\/r\/kommunaleFerienprogramme\" target=\"_blank\" rel=\"noopener\"><strong>https:\/\/de.surveymonkey.com\/r\/kommunaleFerienprogramme<\/strong><\/a><\/p>\n<p><span><\/span><\/p>\n<p>[\/et_pb_text][\/et_pb_column][\/et_pb_row][\/et_pb_section][et_pb_section fb_built=&#8220;1&#8243; prev_background_color=&#8220;#ffffff&#8220; _builder_version=&#8220;4.16&#8243; background_color=&#8220;#00e481&#8243; min_height=&#8220;175px&#8220; custom_margin=&#8220;0px||||false|false&#8220; custom_padding=&#8220;122px||14px||false|false&#8220; top_divider_style=&#8220;graph2&#8243; top_divider_repeat=&#8220;0x&#8220; bottom_divider_flip=&#8220;horizontal|vertical&#8220; global_colors_info=&#8220;{}&#8220;][et_pb_row _builder_version=&#8220;4.16&#8243; global_colors_info=&#8220;{}&#8220;][et_pb_column type=&#8220;4_4&#8243; _builder_version=&#8220;4.16&#8243; global_colors_info=&#8220;{}&#8220;][et_pb_text _builder_version=&#8220;4.16&#8243; text_font=&#8220;Poppins|600|||||||&#8220; text_text_color=&#8220;#ffffff&#8220; text_font_size=&#8220;73px&#8220; header_font=&#8220;Poppins|600|||||||&#8220; header_text_color=&#8220;#ffffff&#8220; header_font_size=&#8220;72px&#8220; header_font_size_tablet=&#8220;60px&#8220; header_font_size_phone=&#8220;40px&#8220; header_font_size_last_edited=&#8220;on|desktop&#8220; global_colors_info=&#8220;{}&#8220;]<\/p>\n<h1 style=\"text-align: center;\">Werbematerial<\/h1>\n<p>[\/et_pb_text][\/et_pb_column][\/et_pb_row][\/et_pb_section][et_pb_section fb_built=&#8220;1&#8243; _builder_version=&#8220;4.16&#8243; global_colors_info=&#8220;{}&#8220;][et_pb_row _builder_version=&#8220;4.16&#8243; global_colors_info=&#8220;{}&#8220;][et_pb_column type=&#8220;4_4&#8243; _builder_version=&#8220;4.16&#8243; global_colors_info=&#8220;{}&#8220;][et_pb_text _builder_version=&#8220;4.27.5&#8243; _module_preset=&#8220;default&#8220; hover_enabled=&#8220;0&#8243; sticky_enabled=&#8220;0&#8243;]<\/p>\n<h3><strong>Gerne k\u00f6nnen der folgende Text und oder das Bild zur eigenen Werbung und Ver\u00f6ffentlichung genutzt werden.<\/strong><\/h3>\n<p>[\/et_pb_text][\/et_pb_column][\/et_pb_row][et_pb_row _builder_version=&#8220;4.16&#8243; global_colors_info=&#8220;{}&#8220;][et_pb_column type=&#8220;4_4&#8243; _builder_version=&#8220;4.16&#8243; global_colors_info=&#8220;{}&#8220;][et_pb_text _builder_version=&#8220;4.27.5&#8243; _module_preset=&#8220;default&#8220; hover_enabled=&#8220;0&#8243; sticky_enabled=&#8220;0&#8243;]<\/p>\n<p>Auf Initiative der Stadt Heilbronn, in Zusammenarbeit vieler Tr\u00e4ger und umgesetzt vom Stadt- und Kreisjugendring Heilbronn e.V. entstand im Jahr 2020 der Heilbronner Kindersommer. Mittlerweile beinhaltet die Internetseite \u201e<strong>Heilbronner Kindersommer<\/strong>\u201c eine gemeinsame Angebots- Plattform f\u00fcr Ferienfreizeiten und Stadtranderholungen von Tr\u00e4gern aus der Stadt Heilbronn und dem Landkreis Heilbronn.<\/p>\n<p>\u00dcber 50 Ferienangebote unterschiedlichster Art sind dort zu finden: mit und ohne \u00dcbernachtung, in der Stadt Heilbronn, im Landkreis, bundesweit oder sogar im Ausland, spezielle Freizeiten nur f\u00fcr M\u00e4dchen oder Jungs, mit verschiedenen Schwerpunkten wie Sport oder Religion, von Stadtranderholungen \u00fcber Hausfreizeiten bis zu Zeltlagern, kostenfreien und kostenpflichtigen Angeboten, von Tages-Aktionen bis zu mehrt\u00e4gigen und mehrw\u00f6chigen Freizeiten, f\u00fcr j\u00fcngere Kinder aber auch f\u00fcr Teenager und Jugendliche. Ein Suchfilter erm\u00f6glicht allen Eltern und Interessierten auf <a href=\"http:\/\/www.heilbronner-kindersommer.de\">www.heilbronner-kindersommer.de<\/a> dabei eine passgenaue Suche.<\/p>\n<p>[\/et_pb_text][\/et_pb_column][\/et_pb_row][et_pb_row _builder_version=&#8220;4.27.5&#8243; _module_preset=&#8220;default&#8220;][et_pb_column _builder_version=&#8220;4.27.5&#8243; _module_preset=&#8220;default&#8220; type=&#8220;4_4&#8243;][et_pb_image src=&#8220;https:\/\/heilbronner-kindersommer.de\/wp-content\/uploads\/2026\/03\/Logo_Werbung_Kindersommer.jpg&#8220; _builder_version=&#8220;4.27.5&#8243; _module_preset=&#8220;default&#8220; hover_enabled=&#8220;0&#8243; sticky_enabled=&#8220;0&#8243; title_text=&#8220;Logo_Werbung_Kindersommer&#8220;][\/et_pb_image][\/et_pb_column][\/et_pb_row][et_pb_row _builder_version=&#8220;4.27.5&#8243; _module_preset=&#8220;default&#8220;][et_pb_column _builder_version=&#8220;4.27.5&#8243; _module_preset=&#8220;default&#8220; type=&#8220;4_4&#8243;][et_pb_text _builder_version=&#8220;4.27.5&#8243; _module_preset=&#8220;default&#8220; hover_enabled=&#8220;0&#8243; sticky_enabled=&#8220;0&#8243;]<\/p>\n<p><a href=\"https:\/\/heilbronner-kindersommer.de\/wp-content\/uploads\/2026\/03\/QR_Kindersommer.pdf\" rel=\"attachment wp-att-3973\" data-mce-fragment=\"1\">QR_Kindersommer<\/a>\u200b<\/p>\n<p>[\/et_pb_text][\/et_pb_column][\/et_pb_row][\/et_pb_section][et_pb_section fb_built=&#8220;1&#8243; _builder_version=&#8220;4.16&#8243; background_color=&#8220;#00e481&#8243; vertical_offset=&#8220;0px&#8220; z_index=&#8220;0&#8243; custom_margin=&#8220;||||false|false&#8220; custom_padding=&#8220;10%||0px||false|false&#8220; top_divider_style=&#8220;mountains2&#8243; top_divider_color=&#8220;#ffffff&#8220; top_divider_height=&#8220;30%&#8220; top_divider_repeat=&#8220;0x&#8220; global_colors_info=&#8220;{}&#8220;][\/et_pb_section]<\/p>\n","protected":false},"excerpt":{"rendered":"<p>Programm anbietenHerzlich willkommen sind alle nicht-kommerziellen Anbieter von Freizeiten, Stadtranderholungen oder Ferienangeboten, mit Sitz in der Stadt Heilbronn oder im Landkreis Heilbronn oder einem Angebot, dass Kindern aus diesem Gebiet offen steht, die gerne noch ein Angebot auf der Seite einbringen m\u00f6chten. Gerne nehmen wir auch kommunale Ferienprogramme auf. &nbsp; Anmeldung f\u00fcr Anbieter von Freizeiten, [&hellip;]<\/p>\n","protected":false},"author":1,"featured_media":0,"parent":0,"menu_order":0,"comment_status":"closed","ping_status":"closed","template":"","meta":{"_et_pb_use_builder":"on","_et_pb_old_content":"","_et_gb_content_width":"","footnotes":""},"class_list":["post-259","page","type-page","status-publish","hentry"],"_links":{"self":[{"href":"https:\/\/heilbronner-kindersommer.de\/index.php\/wp-json\/wp\/v2\/pages\/259","targetHints":{"allow":["GET"]}}],"collection":[{"href":"https:\/\/heilbronner-kindersommer.de\/index.php\/wp-json\/wp\/v2\/pages"}],"about":[{"href":"https:\/\/heilbronner-kindersommer.de\/index.php\/wp-json\/wp\/v2\/types\/page"}],"author":[{"embeddable":true,"href":"https:\/\/heilbronner-kindersommer.de\/index.php\/wp-json\/wp\/v2\/users\/1"}],"replies":[{"embeddable":true,"href":"https:\/\/heilbronner-kindersommer.de\/index.php\/wp-json\/wp\/v2\/comments?post=259"}],"version-history":[{"count":15,"href":"https:\/\/heilbronner-kindersommer.de\/index.php\/wp-json\/wp\/v2\/pages\/259\/revisions"}],"predecessor-version":[{"id":3976,"href":"https:\/\/heilbronner-kindersommer.de\/index.php\/wp-json\/wp\/v2\/pages\/259\/revisions\/3976"}],"wp:attachment":[{"href":"https:\/\/heilbronner-kindersommer.de\/index.php\/wp-json\/wp\/v2\/media?parent=259"}],"curies":[{"name":"wp","href":"https:\/\/api.w.org\/{rel}","templated":true}]}}